 397*l - 19381. Calculate n(-84).
-145
Let k(j) = 4*j**3 - 385*j**2 - 282*j - 117. Give k(97).
756
Let x(y) = 5*y**2 - 36*y - 2506. Determine x(-19).
-17
Let g(z) = -38204*z - 2215825. Determine g(-58).
7
Let g(x) = 328*x - 32472. What is g(99)?
0
Let i(d) = 8358*d - 91926. Calculate i(11).
12
Let d(t) = -t**3 - 29756*t**2 - 59504*t + 10. Calculate d(-2).
2
Let p(s) = -s**3 + 56*s**2 - 61*s + 1623. Calculate p(55).
1293
Let q(p) = -301995*p + 14797758. Determine q(49).
3
Let n(g) = g**3 + 37*g**2 - 362*g - 9680. Give n(-40).
0
Let p(i) = i**3 - 24*i**2 - 41*i + 311. What is p(23)?
-1161
Let t(l) = -1069027*l + 51313299. Give t(48).
3
Let c(x) = -x**3 + 3*x**2 + 436*x - 1222. Give c(21).
-4
Let o(m) = m**2 + 180*m + 51. What is o(0)?
51
Let t(f) = -192*f**3 + 27457*f**2 - 314*f + 24458. Calculate t(143).
5
Let k(p) = 2*p**3 - 29*p**2 + 56*p - 5. Give k(13).
216
Let w(k) = -1437*k + 66098. What is w(46)?
-4
Let o(d) = 2*d**3 - 122*d**2 - 97*d - 1336. Calculate o(62).
338
Let k(r) = -769*r + 66883. Determine k(87).
-20
Let a(z) = z**3 + 75*z**2 + 350*z - 15. Determine a(-70).
-15
Let p(s) = -166*s - 11793. Calculate p(-65).
-1003
Let l(s) = -6*s**2 - 69*s. What is l(-15)?
-315
Let t(h) = -2*h**2 + 461*h - 23151. Give t(158).
-241
Let f(j) = 1550232*j + 38755804. Give f(-25).
4
Let d(b) = -3*b**3 + 2*b**2 - 825*b - 1647. What is d(-2)?
35
Let j(g) = -g**3 + 22*g**2 + 68*g + 132. Calculate j(26).
-804
Let k(o) = 2*o**3 - 574*o**2 + 2830*o - 2835. Calculate k(282).
-15
Let l(m) = -5*m**2 + 22055*m - 132120. What is l(6)?
30
Let b(v) = 2*v**3 - 31*v**2 + 98*v - 16. What is b(11)?
-27
Let x(z) = z**2 - 1981*z + 399675. Give x(228).
-9
Let o(h) = -2*h**2 - 2565*h + 5124. Calculate o(2).
-14
Let m(g) = -g**3 - 3785*g**2 - 562654*g - 535. Give m(-155).
85
Let s(o) = 32*o - 267. What is s(-4)?
-395
Let q(b) = -441*b - 13756. Calculate q(-34).
1238
Let f(n) = -3189*n + 2516108. Determine f(789).
-13
Let d(j) = -6*j**2 - 323*j + 107. Determine d(-58).
-1343
Let b(q) = q**3 - 261*q**2 - 1019*q + 198340. Determine b(262).
6
Let x(d) = d**3 - 12*d**2 - 1270*d + 65. Calculate x(0).
65
Let d(f) = f**2 + 388*f - 274864. Give d(365).
-19
Let i(v) = 526839*v + 526846. Calculate i(-1).
7
Let v(u) = -2*u**2 - 36*u + 674. What is v(11)?
36
Let b(x) = -x**2 - 11053*x + 110621. Determine b(10).
-9
Let u(s) = -1043*s + 852. Calculate u(-1).
1895
Let b(i) = i**3 + 48*i**2 - 919*i - 45354. Give b(-47).
48
Let i(s) = 37783*s + 75633. Calculate i(-2).
67
Let f(a) = 335*a + 2976. Determine f(-10).
-374
Let x(u) = 30*u**3 + 164*u**2 + 20*u + 6. Determine x(-6).
-690
Let r(x) = 18*x**2 + 3035*x + 3035. Calculate r(-1).
18
Let g(v) = 3*v**2 - 187*v - 625. What is g(75)?
2225
Let u(a) = -a**2 + 160*a - 2930. Determine u(25).
445
Let g(o) = -13689*o - 410486. What is g(-30)?
184
Let u(a) = 21*a**2 + 2495*a - 452. Calculate u(-119).
24
Let n(o) = 177*o + 2670. Calculate n(-12).
546
Let z(b) = 36*b**2 + 77*b + 59. Determine z(-3).
152
Let s(k) = k**3 - 23*k**2 + 1235*k - 30211. What is s(24)?
5
Let u(k) = 7*k**2 - 1793*k + 8289. What is u(251)?
-747
Let c(d) = d**3 + 82*d**2 + 196*d + 2899. Determine c(-80).
19
Let l(d) = -d**3 + 574*d**2 - 2337*d + 32487. Calculate l(570).
-3
Let u(c) = -8*c**3 + 1043*c**2 - 388*c - 247. Calculate u(130).
13
Let x(f) = f**3 + 3*f**2 + 4*f + 282. What is x(-5)?
212
Let n(y) = -2*y**2 + 112*y + 10150. Determine n(105).
-140
Let p(j) = -88*j**2 + 150*j + 477. Give p(-3).
-765
Let y(j) = 2314775*j - 9259099. Give y(4).
1
Let q(i) = 92*i**2 - 4875*i - 17. Determine q(53).
36
Let y(m) = -73011*m + 146031. Give y(2).
9
Let i(s) = 11129*s - 234033. Give i(21).
-324
Let d(j) = j**3 - j**2 - 185*j + 15. What is d(14)?
-27
Let b(q) = 962527*q + 12512857. What is b(-13)?
6
Let a(m) = -33427*m + 200566. Give a(6).
4
Let z(s) = s**3 - 114*s**2 - 5581*s - 883. Calculate z(151).
23
Let d(o) = 8*o**2 + 815*o - 18648. What is d(-120)?
-1248
Let d(i) = -12462*i + 2990890. Calculate d(240).
10
Let k(r) = 8*r**2 + 82*r - 3092. Determine k(15).
-62
Let n(w) = -8*w**3 - 328*w**2 - 39*w - 1604. Give n(-41).
-5
Let n(d) = -2*d**3 + 445*d**2 + 676*d - 315. Give n(224).
581
Let l(u) = u**3 + 20*u**2 + 5221*u + 82539. Give l(-16).
27
Let b(c) = -1398*c - 59997. Determine b(-43).
117
Let x(p) = 5012*p + 1313135. Determine x(-262).
-9
Let w(x) = 186*x + 19349. What is w(-104)?
5
Let o(g) = 5*g**2 + 1253*g - 14421. What is o(11)?
-33
Let p(m) = -m**3 - 89*m**2 - 1908*m + 2409. Give p(-49).
-139
Let c(f) = 380*f - 3756. Calculate c(13).
1184
Let i(x) = -159235*x - 51. Give i(0).
-51
Let h(l) = -l**3 - 99*l**2 - 183*l - 8. Calculate h(-2).
-30
Let o(l) = 4*l**2 + 1691*l + 1251. Give o(-422).
-15
Let w(k) = 8*k**2 - 118*k - 473. Determine w(7).
-907
Let h(d) = d**3 - 68*d**2 + 153*d - 15355. Calculate h(69).
-37
Let f(o) = 14658*o + 59415. What is f(-4)?
783
Let c(l) = -6390*l - 63762. What is c(-10)?
138
Let n(o) = 23*o**3 - 15*o**2 - 71*o - 72. Determine n(-1).
-39
Let l(s) = -2*s**2 + 64211*s + 449563. Calculate l(-7).
-12
Let u(q) = 19974*q + 19963. What is u(-1)?
-11
Let l(s) = 5*s**3 + 139*s**2 + 633*s - 257. Calculate l(-22).
-147
Let s(j) = -8*j**3 - 738*j**2 - 749*j - 51943. Calculate s(-92).
37
Let z(k) = 6614*k + 456375. Calculate z(-69).
9
Let t(s) = -14931*s - 238520. Calculate t(-16).
376
Let i(t) = -5*t**3 + 1079*t**2 + 1376*t - 16070. Determine i(217).
-12
Let g(r) = -1288*r - 36188. Give g(-28).
-124
Let h(r) = 4*r**2 - 416*r + 14355. Calculate h(39).
4215
Let o(l) = 1212*l - 15657. Calculate o(13).
99
Let t(u) = 9461*u + 86812. Determine t(-9).
1663
Let v(j) = -j**2 + 5604*j + 16816. Determine v(-3).
-5
Let n(c) = -1706*c**2 - 1173730*c - 1385. Give n(-688).
-9
Let o(x) = 1180587*x - 5902954. Calculate o(5).
-19
Let p(i) = i**3 + 8*i**2 + 145*i + 52. What is p(-11)?
-1906
Let i(m) = 204*m**2 + 16333*m + 1043. Determine i(-80).
3
Let i(b) = -2*b**2 - 609*b + 217. Determine i(0).
217
Let z(w) = 2838*w**2 - 109*w - 126. Give z(-1).
2821
Let b(x) = x**3 + 9*x**2 - 74*x - 1118. Give b(-14).
-1062
Let l(r) = r**3 - 73*r**2 + 413*r - 754. Determine l(67).
-17
Let z(n) = 533060*n + 45843166. What is z(-86)?
6
Let m(y) = -112*y - 21165. Calculate m(-211).
2467
Let g(l) = l**2 + 32*l - 10761. What is g(-121)?
8
Let h(q) = -6*q**3 - 96*q**2 + 36*q + 65. Give h(-16).
-511
Let c(d) = d**3 + 384*d**2 + 16726*d + 1302. Determine c(-50).
2
Let b(x) = 2*x**3 - 44*x**2 + 257*x - 140. What is b(13)?
159
Let g(y) = 2*y**2 + 166*y + 903. Determine g(-77).
-21
Let a(m) = -109*m**2 + 14932*m + 178. Give a(137).
41
Let g(c) = 8*c**3 - 1023*c**2 - 1088*c - 9426. Determine g(129).
-9
Let h(l) = -1903*l + 51446. Calculate h(27).
65
Let q(n) = -2*n**2 - 2525*n + 90985. Calculate q(35).
160
Let j(n) = -5*n**2 + 1446*n - 89653. Determine j(90).
-13
Let q(w) = -74*w**2 + 1790*w - 1643. Give q(23).
381
Let t(o) = o**2 + 318*o + 12065. Calculate t(-44).
9
Let d(o) = -49787*o - 1443837. Calculate d(-29).
-14
Let i(p) = -241*p**2 + 4630*p - 984. Determine i(19).
-15
Let y(p) = -2060*p + 86560. Determine y(42).
40
Let j(l) = 20*l**2 + 1270*l + 11534. Determine j(-9).
1724
Let c(z) = z**3 - 37*z**2 + 8*z - 695. Determine c(37).
-399
Let v(o) = 3*o**3 + 21*o**2 - 959*o - 2989. Give v(-3).
-4
Let p(a) = -60*a**2 - 103*a - 23. Give p(-1).
20
Let y(r) = -819*r**3 + 24568*r**2 + 53*r + 209. What is y(30)?
-1
Let k(h) = -173*h - 11637. Determine k(-68).
127
Let q(v) = 4*v**2 - 46*v - 161. Determine q(0).
-161
Let x(k) = k**3 - 60*k**2 + 600*k + 101. What is x(47)?
-416
Let g(t) = -1359*t + 309867. What is g(228)?
15
Let f(u) = -u**3 - 8*u**2 + 133*u + 1163. Calculate f(-9).
47
Let u(q) = -q**2 - 117*q - 399. Calculate u(-115).
-169
Let v(x) = -93*x - 693. Determine v(-11).
330
Let w(r) = 221*r + 1058. Calculate w(13).
3931
Let i(o) = 6*o**2 + 321*o - 136. Determine i(-13).
-3295
Let b(f) = -4*f**3 - 80*f**2 + 507*f + 146. Give b(-25).
-29
Let g(a) = -a**3 - 32*a**2 - 148*a - 121. Determine g(-24).
-1177
Let g(h) = -2*h**3 + 775*h**2 - 3429*h - 6987. What is g(383)?
-93
Let i(o) = -16*o**2 - 38*o + 19. Calculate i(-3).
-11
Let j(g) = 5*g**2 + 46*g - 157. Determine j(8).
531
Let b(j) = -j**2 + 202*j + 431. What is b(173)?
5448
Let a(u) = 328*u**2 + 63306*u + 390. Calculate a(-193).
4
Let l(j) = 4*j**2 -